. Let t(h) = 3*l(h) + n(h). What is t(-8)?
6
Let u = 48 - 19. Let k(n) = -28*n**3 + 0 + u*n**3 + 7*n - 5*n**2 - 6. Let s be (0 + 1)*12/3. Give k(s).
6
Let g(n) = -11*n**2 - 298*n**3 - 3 + 8*n**2 + 4*n - 4*n + 297*n**3. Determine g(-3).
-3
Let p(r) be the second derivative of r**5/20 - 5*r**4/12 - 3*r**2/2 - 32*r. What is p(5)?
-3
Suppose 29 = 3*v - 4. Let f(z) = 18*z**2 + 7. Let i(k) = 36*k**2 + 13. Let h(l) = v*f(l) - 6*i(l). Determine h(1).
-19
Suppose -5*c + 37 = -3*o, -14*c + 50 = -2*o - 17*c. Let d(m) = m**3 + 18*m**2 - 19*m + 6. Calculate d(o).
6
Let r(t) = 3*t**2 - 12*t**3 - 9 + 0 + 7 - 2*t**2 + 2*t**2. Give r(1).
-11
Let c be 4 - (15/3 - 3). Let i(h) = h**2 - 3 + h**3 + 11*h + 5*h**c - 17*h + 8. Determine i(-7).
-2
Suppose -2*h - 7 = -19. Let f(g) be the third derivative of g**4/24 - 5*g**3/6 - 517*g**2 - g. Give f(h).
1
Let v(w) = -4*w**2 + 4*w - 3. Let b(t) = -t**3 - 8*t**2 - t - 9. Let s be b(-8). Let q = 7 + s. Suppose m + 4 - q = 0. Give v(m).
-11
Let s(a) = -a**2 - 9*a + 25. Let n be s(-11). Let g(o) = 1 + 5*o**3 - 2 - 7*o**n - 3*o**3. Calculate g(-1).
4
Let f be (4 - 0) + 0/5. Suppose 0 = -5*y + 25, -3*y + 5 + f = 2*k. Let p(r) be the second derivative of r**3/6 - r**2/2 - 2*r. Calculate p(k).
-4
Let p be (-2 - 3)*(-2 - (-66)/30). Let l(u) = 3*u**2 - 2*u + 1. Let v be l(1). Let b(o) = -o + 1 - 5*o**v + 0 - 2. What is b(p)?
-5
Let t(w) = -2*w + 1. Let o be (2 + 28/(-6))/(11/(-33)). Suppose -o*y + 21 = -y. What is t(y)?
-5
Let u(l) = -39*l**2 - 32*l**3 + 29*l**2 + 7*l + 33*l**3 + 8. Determine u(9).
-10
Let p(f) = 3*f + 38. Let o be p(-12). Let k(z) = 10*z**o + 24 - z**3 - 13 - 9. Determine k(10).
2
Let o be 4*(3 - (4 + -9)). Let s be ((-40)/o)/(2/8). Let z(m) = -m**2 - 8*m + 1. Give z(s).
16
Let q(c) = c**2 + 5*c + 2. Let p = -13 + 11. Let v(u) = 2*u**2 + 9*u + 4. Let d(s) = p*v(s) + 5*q(s). Calculate d(-6).
-4
Let u(v) be the second derivative of v**4/12 + v**3/6 - 2*v**2 + v + 1. Let m be ((-3)/2)/((-2)/4). Calculate u(m).
8
Let g(o) = 5*o + 20. Let l(r) = 4*r + 17. Let k(y) = 5*g(y) - 6*l(y). Give k(-4).
-6
Let l(i) = 3 + 86*i - 253*i + 85*i + 83*i. Determine l(5).
8
Let c(b) be the second derivative of -7*b**3/6 - 5*b**2/2 + 616*b. Calculate c(0).
-5
Let i = 6 + -4. Suppose -i - 10 = 4*d - 2*f, 2*d = -4*f + 14. Let a(g) = 2*g - g**3 - g - 58 + 59 - g**2. Determine a(d).
0
Let t(j) = 1 - 1 + j. Let r(l) = -l**3. Let y be r(-1). Suppose -6*p + 7*p = -y. Calculate t(p).
-1
Suppose -5*y + 11 = -h, y = 6*h - 2*h - 51. Let f(x) = -24*x + 20. Let l(q) = -5*q + 4. Let a(m) = h*l(m) - 3*f(m). Give a(7).
10
Let c(i) be the third derivative of -i**4/8 - 5*i**3 - 40*i**2 + 4. Give c(-11).
3
Let m(x) = x - 4. Let a(w) = -9*w + 10. Let z(l) = -a(l) - 2*m(l). What is z(4)?
26
Let p(g) = -3*g**3 - 3*g - 9. Let d(o) = -2*o**3 - o**2 - 3*o - 10. Let l(z) = -4*d(z) + 3*p(z). Let i be l(5). Let j(w) = -w**3 + 2*w**2 + 4*w. What is j(i)?
3
Suppose 11 = 4*r + 3. Let x(l) = 7*l + 5 - l**3 + 5*l**r + l - 2 - 2*l. Let a(f) = -2*f. Let w be a(-3). What is x(w)?
3
Let g(q) = -q**2 + 9*q - 7. Let z(m) = 4*m**2 + 8. Let s(u) = -3*u - 27. Let p be s(-9). Let o be z(p). Calculate g(o).
1
Let a(v) = v**3 - 4*v + 1. Let z be a(2). Let d be (0 + -1)*(-5 - z). Let j(x) = 4 + 6*x - 1 - x**2 + 0*x**2. Give j(d).
3
Let m be ((-404)/505)/(4/(-10)). Let s(q) = -14*q. Give s(m).
-28
Let o(y) = -y**3 + 6*y**2 + 6*y + 6. Suppose -16 = -4*v + 5*p + 8, 2*v = 4*p + 12. Determine o(v).
42
Let z(s) = -3*s + 7. Let a = 198 + -194. Calculate z(a).
-5
Let z(s) = -22 + 12 + 7 + 9 + 2*s**2 + 10*s. Determine z(-4).
-2
Let g(q) = -2*q**3 + 13*q**2 + 2*q + 23. Let b(x) = x**3 - 6*x**2 - 11. Let h(y) = 5*b(y) + 2*g(y). Calculate h(3).
-6
Let n(f) = f**2 + f + 1. Let u be (-1)/2 + (-77)/14. Let k(p) = -p**2 - 4*p + 11. Let h be k(u). What is n(h)?
1
Let b(m) be the second derivative of -4*m - 1/12*m**4 - 7/2*m**2 + 7/6*m**3 + 0. Determine b(5).
3
Let g(a) be the second derivative of -a**5/20 + 2*a**4/3 - 7*a**3/6 + a**2/2 + 3*a. Suppose 0 = 2*h - 3*d - 23, -12 = -3*h - 33*d + 30*d. What is g(h)?
1
Let f be (-4)/1 + 2 + -1. Let w(n) = -n. Let m(o) be the first derivative of -o**4/4 - 4*o**3/3 - 3*o**2 + 3*o - 31. Let t(h) = m(h) - 4*w(h). What is t(f)?
0
Let p be 122 + -132 - 1*-11. Let i(m) = -1. Let j(q) = 5*q**2 + 3. Let v(k) = 6*i(k) + 2*j(k). Determine v(p).
10
Let q = -8 + 12. Let n(y) = 2*y + 1. Let b(l) = l**2 - 15*l - 8. Let u(t) = -b(t) - 6*n(t). What is u(q)?
-2
Let l(g) = g + 1. Suppose -9*k + 90 = -0*k. Let z(r) = r**2 - 12*r + 20. Let y be z(k). Give l(y).
1
Let n(z) be the second derivative of -4/3*z**3 + 3/4*z**4 + 0 - 1/20*z**5 + 17*z - 1/2*z**2. Suppose -2*b - 4*v + 16 = b, 0 = -5*b - 4*v + 32. What is n(b)?
-1
Suppose -16*c + 10 = -22. Let f(k) = -6*k**c + 10*k - 3 - 2*k**2 + 11*k**2 - 4*k**2. Determine f(7).
18
Let j be 5 + 0 + (-3 - -1). Let m(w) = -2*w**2 + 8*w - 3. Let n(h) = -3*h**2 + 9*h - 4. Let y(p) = j*n(p) - 4*m(p). Suppose 36*d = 43*d + 42. Give y(d).
-6
Let v be (-4)/4 + -3 + 10. Let q(i) = -5*i**2 + v*i**2 - 2 + 2. Let y(h) = 5*h**2 - 4*h + 6. Let s(w) = -6*q(w) + y(w). Give s(-5).
1
Let n(a) = 11*a + 2. Let w = -269 - -272. Give n(w).
35
Let c(s) = -6*s - 45. Let z be c(-8). Let f(q) = 30*q - z - 69*q + 37*q. What is f(-4)?
5
Let t(b) = -2*b - 2 + b + b**2 + 2*b**2 - 2*b**2. Let l(p) = p**2 - 5*p - 2. Let s be l(6). What is t(s)?
10
Let c(a) = -2*a + 5*a - 8 - 2*a. Let u = 197 + -190. What is c(u)?
-1
Let h(r) = -r**3 - 6*r**2 + 2*r - 3. Suppose -9*k - 988 = 10*k. Let z = k - -46. Calculate h(z).
-15
Let q = 4 - -5. Let j(r) = -13*r + 32. Let l(x) = 24*x - 59. Let b(p) = 11*j(p) + 6*l(p). What is b(q)?
7
Let b(h) be the second derivative of h**4/12 - 8*h**3/3 - 15*h**2/2 - 70*h + 2. Give b(16).
-15
Let y(c) = -2*c + 8. Let u = 71 + 7. Let v be u/14 - (-3)/7. Give y(v).
-4
Let g be 1 + 2/2*-1. Suppose 5*d - 6*d + 2 = g. Suppose h = -3*o + 4*o - d, -4*h = -2*o + 14. Let u(j) = j**3 + 2*j**2 - 3*j + 2. Calculate u(o).
2
Let u be 3/5 + (-119)/(-85). Let v(g) be the first derivative of 1/3*g**3 - 2 - 3/2*g**u + g. Determine v(3).
1
Let r(p) = 2*p**2 + 6*p. Suppose 0 = 4*s - 2*t - 3 - 11, s + 3*t = 7. Suppose -g - 11 = -3*n - 1, -16 = -4*n + s*g. Suppose n*b = -0*b - 12. What is r(b)?
8
Let s be ((-4)/22*-2)/((-4)/22). Let l(h) = 2*h - h**2 - h**2 + 1 + 4*h**2. What is l(s)?
5
Let u(a) be the first derivative of a**4/4 + 4*a**3/3 - 3*a**2/2 + 4*a + 67. Calculate u(-5).
-6
Suppose 2*g = -5*h + 7 + 8, -12 = g - 4*h. Let w(c) be the first derivative of 1/3*c**3 + 1/2*c**2 - 1/4*c**4 + 38 - 7*c. Calculate w(g).
-7
Suppose 4*n - 10 = -54. Let h = -6 - n. Let f(q) = -1 + h - q**2 + 1. Give f(0).
5
Let d(g) be the second derivative of g**8/6720 + g**7/360 + g**6/90 + g**5/24 + g**4/3 + 3*g. Let h(c) be the third derivative of d(c). Determine h(-5).
15
Let r(m) = 15*m. Let c be 234/6 - (5 - 2). Let n = c - 35. Determine r(n).
15
Suppose 3*f - 2 = -20. Let c(n) = 6*n + 5*n**2 + n - 4*n**2 + 5. Give c(f).
-1
Let p(c) be the first derivative of -4*c**2 + 5*c - 3*c - 1 - c + 3*c**2. Let k(l) = -l + 18. Let r be k(15). Determine p(r).
-5
Let z be (30/9)/(2/9) + -2. Let m = -17 + z. Let u(b) = -b**2 - 4*b + 1. Give u(m).
1
Let o(t) = -1. Let p(g) = 1. Let s(m) = -o(m) - 2*p(m). Let d(v) = -v + 5. Let c(i) = -d(i) + 2*s(i). What is c(5)?
-2
Let a(v) = -3*v**3 - 6 + 7*v - 103*v**2 + 55*v**2 + 52*v**2 + 2*v**3. Let q(y) = -4*y + 1. Let k be q(-1). Give a(k).
4
Let w(t) = t + 30. Let x be w(25). Let o = 61 - x. Let f(j) = -j**3 + 5*j**2 + 5*j + 2. What is f(o)?
-4
Let b(t) = -t**2 - 3*t + 3. Suppose 2 = -4*x + p + 11, 3*x - 2*p = 8. Let o(j) = j**2 - j + 2. Let y be o(x). Suppose 3*z = -y - 8. Determine b(z).
-1
Let q(x) be the second derivative of 5*x**3/2 - 2*x. Suppose -4*j = -5*f - 0*f - 1, -3*f - 7 = 4*j. Give q(f).
-15
Let s(z) = 3*z**2 + 6*z + 5. Let n(m) = 3*m**2 + 9*m + 5. Let q(r) = -3*n(r) + 4*s(r). Determine q(2).
11
Let y = 37 - 34. Suppose -y*n + d + 8 = 0, 3*n - d = d + 13. Let m(i) = 7*i**2 + i - 1. Calculate m(n).
7
Let z(n) = -2000*n + 997*n + 999*n + 1. What is z(1)?
-3
Let t(v) = v**2 + v. Let p(s) = 3*s**2 - s + 7. Let m(y) = -p(y) + 4*t(y). Suppose 192 = -4*b + 8*b. Suppose -b = 9*w - w. What is m(w)?
-1
Let a be (20/65)/2 - 126/(-26). Let c(p) = 7 